9?
False
Is 278 a factor of 6963346?
False
Is 170 a factor of 101660?
True
Is 958419 a multiple of 99?
True
Does 28 divide 96896?
False
Is 57 a factor of 1170723?
True
Is 31 a factor of 4402?
True
Is 351336 a multiple of 57?
False
Does 11 divide 5078810?
True
Is 780738 a multiple of 86?
False
Is 1283936 a multiple of 16?
True
Does 50 divide 224500?
True
Is 1009404 a multiple of 66?
True
Is 454992 a multiple of 6?
True
Does 670 divide 3283670?
True
Is 174 a factor of 1102116?
True
Is 13 a factor of 525773?
False
Is 208 a factor of 1853822?
False
Does 2073 divide 11852091?
False
Is 411691 a multiple of 103?
True
Is 31467060 a multiple of 45?
True
Is 1905751 a multiple of 73?
False
Is 54 a factor of 153297?
False
Does 14 divide 3581900?
True
Does 6 divide 148896?
True
Does 13 divide 34870?
False
Is 147204 a multiple of 4?
True
Does 330 divide 13012964?
False
Does 218 divide 192276?
True
Does 66 divide 9672?
False
Is 80297 a multiple of 68?
False
Does 18 divide 340610?
False
Does 129 divide 517820?
False
Is 35307 a multiple of 3?
True
Is 3 a factor of 3021?
True
Does 190 divide 395580?
True
Is 48140 a multiple of 34?
False
Is 153107 a multiple of 10?
False
Is 8 a factor of 22072?
True
Is 43134 a multiple of 14?
True
Is 2054888 a multiple of 8?
True
Is 85 a factor of 13401?
False
Is 124 a factor of 243412?
True
Does 16 divide 4934960?
True
Is 106 a factor of 2147693?
False
Does 23 divide 30712?
False
Is 17 a factor of 85261?
False
Is 2917850 a multiple of 30?
False
Is 971670 a multiple of 10?
True
Is 219 a factor of 1085145?
True
Is 7272328 a multiple of 952?
True
Is 7667120 a multiple of 802?
True
Does 10 divide 100127?
False
Is 13 a factor of 10601?
False
Is 4 a factor of 459609?
False
Is 635 a factor of 1792322?
False
Is 52661 a multiple of 64?
False
Does 178 divide 586924?
False
Is 5 a factor of 81387?
False
Does 43 divide 12025251?
True
Does 117 divide 5024916?
True
Is 140234 a multiple of 8?
False
Is 62 a factor of 176289?
False
Is 202 a factor of 374306?
True
Is 51 a factor of 1742534?
False
Is 27 a factor of 329535?
True
Is 552 a factor of 8118807?
False
Is 57676 a multiple of 5?
False
Does 667 divide 6555943?
True
Is 86 a factor of 406522?
True
Is 8334 a multiple of 4?
False
Is 52 a factor of 794560?
True
Does 12 divide 1053996?
True
Is 2319933 a multiple of 1743?
True
Is 56187 a multiple of 11?
False
Does 51 divide 18683882?
False
Is 93 a factor of 95604?
True
Does 99 divide 623403?
True
Is 9707712 a multiple of 434?
True
Is 45 a factor of 3836430?
True
Is 962 a factor of 210678?
True
Does 18 divide 548911?
False
Is 106020 a multiple of 95?
True
Is 14735124 a multiple of 68?
True
Is 8523954 a multiple of 1386?
False
Is 565968 a multiple of 39?
True
Is 71 a factor of 9421324?
False
Does 27 divide 109026?
True
Is 30 a factor of 146700?
True
Is 5 a factor of 381025?
True
Is 67 a factor of 1404234?
False
Does 95 divide 141357?
False
Is 15 a factor of 267255?
True
Is 8 a factor of 1008552?
True
Is 4798260 a multiple of 15?
True
Is 139230 a multiple of 70?
True
Does 8 divide 12314?
False
Is 110866 a multiple of 8?
False
Is 51 a factor of 25530?
False
Is 8551362 a multiple of 6?
True
Is 302321 a multiple of 35?
False
Is 25 a factor of 813475?
True
Is 45 a factor of 1618335?
True
Does 52 divide 102367?
False
Is 874 a factor of 1792956?
False
Is 5621520 a multiple of 13?
False
Is 7 a factor of 7854?
True
Does 59 divide 189213?
True
Is 1055 a factor of 10770495?
True
Is 40 a factor of 7486240?
True
Is 72450 a multiple of 7?
True
Is 17 a factor of 2001190?
False
Is 134723 a multiple of 250?
False
Does 1860 divide 13373508?
False
Is 410 a factor of 2521500?
True
Is 1346 a factor of 4552172?
True
Does 1469 divide 17757272?
True
Is 127 a factor of 488315?
True
Does 5 divide 166932?
False
Does 62 divide 324307?
False
Is 5 a factor of 6220?
True
Does 169 divide 109716?
False
Does 20 divide 1976383?
False
Does 16 divide 895450?
False
Is 18 a factor of 25650?
True
Is 725 a factor of 5291983?
False
Is 14 a factor of 7279804?
True
Is 189 a factor of 4198828?
False
Is 18 a factor of 8933?
False
Does 31 divide 213435?
True
Does 66 divide 124290?
False
Does 5 divide 90225?
True
Is 52 a factor of 4372945?
False
Is 13 a factor of 5480?
False
Does 789 divide 3470811?
True
Is 757484 a multiple of 32?
False
Is 128 a factor of 237184?
True
Is 3512937 a multiple of 13?
False
Does 17 divide 17572?
False
Is 57 a factor of 1362333?
False
Does 20 divide 4949646?
False
Is 726930 a multiple of 9?
True
Does 103 divide 614140?
False
Is 107 a factor of 1274174?
False
Does 111 divide 1987763?
False
Is 77377 a multiple of 4?
False
Does 41 divide 12943488?
False
Is 274 a factor of 49868?
True
Does 241 divide 172315?
True
Is 8469079 a multiple of 17?
False
Is 315024 a multiple of 12?
True
Is 30 a factor of 4439460?
True
Does 20 divide 41160?
True
Is 8 a factor of 9858780?
False
Is 38 a factor of 752286?
True
Is 541139 a multiple of 15?
False
Is 61007 a multiple of 15?
False
Is 126 a factor of 161868?
False
Is 39 a factor of 5147454?
True
Is 6897597 a multiple of 163?
False
Is 26 a factor of 4586062?
True
Is 9 a factor of 1564182?
True
Is 48 a factor of 392784?
True
Does 642 divide 14625402?
True
Does 40 divide 14667760?
True
Is 3 a factor of 13213?
False
Is 23313 a multiple of 7?
False
Is 6048 a multiple of 168?
True
Is 25 a factor of 8464875?
True
Does 48 divide 165696?
True
Does 188 divide 80280?
False
Does 185 divide 537240?
True
Does 140 divide 801004?
False
Does 6 divide 141234?
True
Is 1963257 a multiple of 656?
False
Is 277 a factor of 510788?
True
Is 4 a factor of 1593665?
False
Does 42 divide 218358?
True
Does 46 divide 888398?
True
Is 5123410 a multiple of 360?
False
Is 6019160 a multiple of 490?
True
Is 101041 a multiple of 13?
False
Is 23469358 a multiple of 1219?
False
Is 3 a factor of 66068?
False
Is 1556 a factor of 5530878?
False
Does 7 divide 71481?
False
Is 840 a factor of 1409520?
True
Is 1312 a factor of 1970112?
False
Does 10 divide 665903?
False
Is 166 a factor of 236052?
True
Is 123 a factor of 7221976?
False
Is 144064 a multiple of 16?
True
Does 55 divide 19250?
True
Is 6 a factor of 16740?
True
Is 152660 a multiple of 16?
False
Is 125474 a multiple of 86?
True
Is 83 a factor of 12985571?
False
Is 4373588 a multiple of 347?
True
Is 3566548 a multiple of 622?
True
Is 74 a factor of 8806?
True
Does 482 divide 1728934?
True
Is 6430675 a multiple of 1083?
False
Does 5 divide 390435?
True
Is 14421 a multiple of 41?
False
Does 901 divide 3998662?
False
Is 13 a factor of 776031?
False
Is 47288 a multiple of 257?
True
Does 77 divide 230846?
True
Is 22 a factor of 399548?
False
Is 249318 a multiple of 486?
True
Is 1663507 a multiple of 19?
True
Is 10 a factor of 313120?
True
Is 20 a factor of 794370?
False
Is 14083 a multiple of 98?
False
Does 25 divide 163325?
True
Is 10 a factor of 7990420?
True
Is 650435 a multiple of 57?
False
Does 143 divide 1015490?
False
Is 70900 a multiple of 100?
True
Is 2266371 a multiple of 3?
True
Does 242 divide 504086?
True
Is 9464700 a multiple of 175?
True
Is 584669 a multiple of 12?
False
Is 910080 a multiple of 768?
True
Is 32015 a multiple of 19?
True
Is 4211646 a multiple of 579?
True
Is 93 a factor of 222084?
True
Is 121 a factor of 435600?
True
Is 24 a factor of 564864?
True
Is 332 a factor of 233078?
False
Is 145140 a multiple of 20?
True
Is 47374 a multiple of 3?
False
Does 21 divide 308721?
True
Is 7763388 a multiple of 12?
True
Is 3 a factor of 40128?
True
Is 3932001 a multiple of 32?
False
Does 15 divide 3570?
True
Does 11 divide 336302?
False
Is 2096697 a multiple of 2?
False
Is 2593 a factor of 4325525?
False
Is 8267109 a multiple of 56?
False
Does 84 divide 1316616?
True
Is 361761 a multiple of 12?
False
Does 50 divide 36250?
True
Is 11 a factor of 1008?
False
Is 8 a factor of 94800?
True
Is 173635 a multiple of 55?
True
Is 2600516 a multiple of 2399?
True
Does 12 divide 67800?
True
Is 497588 a multiple of 92?
False
Does 53 divide 1831315?
False
Is 6413520 a multiple of 16?
True
Does 552 divide 250608?
True
Is 8 a factor of 41984?
True
Is 3254740 a multiple of 545?
True
Is 431 a factor of 16197077?
False
Is 686 a factor of 723524?
False
Is 116776 a multiple of 15?
False
Is 377032 a multiple of 98?
False
Is 15 a fac